 l**2 + 1. Suppose 1 = 29*c - 30*c. Let v(s) = 5*s**2 + 7*s - 4. Let m(u) = c*v(u) + 4*g(u). Calculate m(-8).
0
Let w be -1 + 3 + -3 + 9. Let l = 13 - 11. Suppose b + w = -l*o, 0 = -o + 3*b + 14 - 4. Let a(p) = p**3 + 3*p**2 - 2*p - 1. What is a(o)?
7
Let h(c) = -7*c**3 + c**2 - 2*c + 7. Let j(o) = -15*o**3 + 3*o**2 - 4*o + 15. Let p(w) = -13*h(w) + 6*j(w). Let z(l) = 13*l - 83. Let x be z(6). Calculate p(x).
-11
Let i(c) = -c**2 - 5*c + 5. Suppose -y = -4*y + 36. Let m be ((-9)/y)/(2/(-8)). Suppose 0 = 3*b + m*s + 27, 4*b + 13 = 2*s + 1. What is i(b)?
5
Suppose 4*n + 16 = -4*o, -2*n - 4*o - 12 = -o. Suppose -5*v + 2 = -4*v. Let m(d) = 9 - 5*d**v - 12*d + 13*d + 4*d**2. Give m(n).
9
Let z(m) = -7*m + 15. Let x be z(6). Let k = -28 - x. Let y(j) = j**3 - j**2 + 1. Let n(g) = 8*g**3 + g**2 - 2. Let v(r) = n(r) + 2*y(r). Determine v(k).
-11
Let d be (147/(-28))/(-7) - (-58)/8. Let o(r) = 2*r + 6 - 5*r**2 + 8*r**2 - 2*r**2 + d*r. Determine o(-10).
6
Suppose a - 40 = -3*a. Suppose 2*w + 2*r = 4*r + a, -3*w + 40 = 2*r. Let v(d) = -d**2 + 12*d - 15. Calculate v(w).
5
Let w(q) = 2*q**2 + 4*q + 2. Let u(m) = -m - 2. Let o(p) = 24*p - 6. Let l be o(3). Let a be (-4)/22 - (-12)/l. Let g be u(a). What is w(g)?
2
Let z be 9 - 4 - 5 - -1. Let g(b) = 3*b + 7. Let s(p) = 2*p + 5. Let n(j) = -5*g(j) + 7*s(j). Determine n(z).
-1
Let i(r) = -r**3 + 5*r**2 + 5*r + 2. Let v be i(6). Let q(l) be the first derivative of l**4/4 + 5*l**3/3 + 5*l**2/2 + 6*l - 4. Determine q(v).
2
Suppose -o = -m - 334, 0 = 2*m + 3*o + 279 + 399. Let j be 12/(-66) - m/33. Let w(q) = 3*q - j - 4*q - 1. Give w(-5).
-6
Let v(g) = 5*g + 84. Suppose -173 = 7*c - 54. Determine v(c).
-1
Let v(r) = -r**2 + r + 8. Let m = -591 + 596. Determine v(m).
-12
Let i(g) = 4*g. Suppose -3 = -5*v + 4*p + 3, 4*p - 4 = 0. Suppose -v*w + 0*w + 4 = 0, -2*w + 14 = 5*q. What is i(q)?
8
Let t(v) be the second derivative of v**2 + 0 - 1/20*v**5 + 2/3*v**3 - 1/3*v**4 - 11*v. Determine t(-5).
7
Let j(r) = 7 + 3*r + 4581*r**2 - 5 - 4582*r**2. Let k(x) = -x - 1. Let d be 1/(-1*2/10). Let y be k(d). Determine j(y).
-2
Let o = 113 - 111. Let n(x) = 2 + 3*x**o - x + x**2 - 3*x**2. Determine n(-3).
14
Let l(k) be the second derivative of 1/6*k**3 - 5/2*k**2 + 27*k + 0. Determine l(4).
-1
Suppose 3*s + 6*o - 3*o + 30 = 0, -3*s = o + 40. Let b = s + 19. Suppose 4*q = -0*q - b. Let u(a) = -8*a**2 + a + 1. What is u(q)?
-8
Suppose -3*q - 2*b + 7*b - 7 = 0, 4*q - b + 15 = 0. Let o(s) = -26*s + 3 + 14*s + 14*s. Calculate o(q).
-5
Let q(d) be the second derivative of d**4/12 + 3*d**3/2 + 15*d**2/2 - 14*d - 4. Calculate q(-6).
-3
Let s(y) = 7*y**2 - 7*y - 3. Let c(h) = -2*h - 2. Let u be c(2). Let d(q) = -q**2 + q. Let a(i) = u*d(i) - s(i). Determine a(4).
-9
Let r(z) = -z**2 + 3*z + 1. Let p(x) = x**2 + 12*x + 23. Let c be p(-9). Determine r(c).
-27
Let g(y) = -2*y**2 - 4*y - 2. Let j(r) = -3*r + 0*r + 3 - 2. Let b be j(1). Calculate g(b).
-2
Let j(l) be the first derivative of l**2 - 9 + 1/3*l**3 - 5*l. Suppose -5*d + 2*s + 7 = 22, 45 = -4*d - 5*s. Calculate j(d).
10
Let l(f) = f + 1 - f + f + 3*f**2 - 3*f. Suppose -6*q + 6 = -0. Determine l(q).
2
Let t(j) = -2*j + 1. Let p(q) = -9 - 10*q**2 + 23 - 2*q**2 + 8*q + 11*q**2. Let w(b) = -b**3 - 12*b**2 + 9. Let d be w(-12). Let c be p(d). Calculate t(c).
-9
Let g(m) = -m**3 + 9*m**2 + 23*m - 13. Let z be g(11). Let p(r) = 2*r - 7483 + r + 7484. What is p(z)?
-5
Let a(x) = x**2 - 4*x + 1. Suppose -2 = -4*j - 3*w, 0 = 23*j - 28*j - 5*w. Determine a(j).
-3
Let a(k) be the first derivative of k**2 + 2*k - 192. What is a(3)?
8
Let o(u) = 9 - 2156*u**3 + 3*u + 2155*u**3 - 5*u**2 + 1 - 4*u**2. Determine o(-9).
-17
Let g(d) be the second derivative of -d**6/720 - d**5/120 - d**4/6 - 29*d**3/6 - 34*d. Let m(b) be the third derivative of g(b). Calculate m(2).
-3
Let t(n) = -n**2 - 2*n + 4. Let g(i) = i**2 + 13*i + 4. Let j be g(-13). Suppose -8*b + 8 = -j*b. Let r be (-38)/(-14) - b/(-7). Determine t(r).
-11
Let l(q) = -9 + 7 + 3*q + 5*q. Calculate l(-2).
-18
Let f(d) = 2*d**3 + 2*d**2 + 2*d + 1. Let m be (-15)/(-12) - 6/(-8). Let o = m - -4. Let l be (-2)/o - 10/15. Calculate f(l).
-1
Let v(x) be the first derivative of x**3/3 - 4*x**2 - 12*x - 3. Calculate v(9).
-3
Let u = -56 + 41. Let z = 9 + u. Let q(k) = k**2 + 6*k - 1. Calculate q(z).
-1
Let v(k) = k - 2*k**3 + k**3 + 1572 - 1573. Calculate v(0).
-1
Let n(b) be the first derivative of b**4/4 - b**3/3 - b**2 - 4*b + 12. Let g be n(2). Let l(h) = h**3 + 2*h**2 - 5*h. Determine l(g).
-12
Let g(j) = 8*j**2 + j - 14. Let x(o) = -4*o**2 - o + 7. Let w(d) = -2*g(d) - 5*x(d). Let n(k) = 7*k**2 + 6*k - 13. Let r(s) = 3*n(s) - 5*w(s). Give r(-5).
6
Suppose 2*g - 15 = -1. Let d = -15 - g. Let h = 16 + d. Let z(t) = t**3 + 5*t**2 - 4*t + 8. Give z(h).
-4
Let j be (-2)/9 - (-366)/(-54). Let v(p) = -2*p**2 - 15*p + 2. Determine v(j).
9
Let z be (4/12)/(2/(-18)). Let q(f) be the third derivative of -f**4/12 + f**3/6 + 5*f**2. What is q(z)?
7
Let s(z) be the second derivative of 0 + 5*z - 1/12*z**4 - z**2 - 1/2*z**3. Let u be s(-2). Let b(j) = -j**3 + j - 2. Determine b(u).
-2
Suppose -2*g = -3*i, 3*i - 8 = -4*g + 10. Let o be (17 + 1)*5/10. Let f(a) = -2*a + 4*a**2 + 0*a**i - 3*a**2 + o - 5*a. Determine f(6).
3
Suppose 45*k = 29*k - 96. Let p(t) = -11 + 3 - 2*t + t + 0*t + t**2. Determine p(k).
34
Let x(k) = k**2 - 4*k - 1. Let m = -173 + 170. Give x(m).
20
Let f(c) be the first derivative of c**4/12 + 5*c**3/6 - 5*c**2/2 - 25*c - 5. Let m(k) be the first derivative of f(k). Let u be 2/6 - 16/3. Give m(u).
-5
Let s(m) be the third derivative of -5*m**4/24 + m**3 + 62*m**2. Determine s(5).
-19
Let b(t) = 2*t + 4. Suppose -266 + 86 = 45*r. What is b(r)?
-4
Suppose 2*a - i = -0*a + 3, -2*i = -a + 3. Let q(d) = -12*d. Let v(z) be the first derivative of 25*z**2/2 - 10. Let b(c) = -7*q(c) - 3*v(c). Calculate b(a).
9
Let q = -52 + 63. Let s(i) = i + 3. Calculate s(q).
14
Let v(z) be the third derivative of z**4/24 - 2*z**3/3 - 172*z**2. Let f(a) = a - 1. Let n be f(5). What is v(n)?
0
Suppose -5*a = 4*d - 32 - 5, -10 = -5*d + a. Let s(w) be the second derivative of 0 + 1/3*w**d - w**2 + 8*w. What is s(-2)?
-6
Let l = 10 - 8. Suppose -19 = -5*p - 5*c + 1, l*c + 6 = 0. Let k(m) = 15*m**2 - 9*m - 7. Let v(w) = 7*w**2 - 4*w - 3. Let y(o) = p*v(o) - 3*k(o). Give y(-1).
5
Let c be (-42)/(-63) - 26/3. Let h be 6/(-2) - (-8)/c. Let j(w) = w + 5. Determine j(h).
1
Let q(p) = 5*p - 11. Let n(b) = 2*b + 1. Let l(d) = -3*n(d) + q(d). Determine l(0).
-14
Let c be (2/(-2) - 1)/(-4 - -2). Let d(g) = -10*g**2 + 2*g**3 - 8*g**3 + 8*g**2 + g. Calculate d(c).
-7
Let a(h) be the third derivative of -h**4/24 - 153*h**2. Give a(-3).
3
Let m(p) = 2*p + 2. Let a(t) be the third derivative of t**4/12 - 4*t**3/3 - 20*t**2. Let r be a(5). Give m(r).
6
Let q(j) = 4*j**3 - 2*j**2 + j. Let r = -853 - -854. Calculate q(r).
3
Suppose -3*y - 2*t = 41, -3*t - 7 - 16 = y. Let g(s) = s**2 + 10*s + 12. Calculate g(y).
23
Let a(l) = 34*l - 688. Let w be a(20). Let b(i) = -i**2 - 9*i + 8. Determine b(w).
16
Let j(m) = m**3 - m**2 + m - 1. Let y(a) = -3*a**3 + 9*a**2 - 6*a + 6. Let r(o) = 4*j(o) + y(o). Let p(u) = 2*u**2 + 46*u + 259. Let h be p(-12). Give r(h).
12
Let s(u) = 2*u**2 + 2. Suppose 5*l + 5*v - 20 = 5, -4*v + 14 = l. Let m be (-4)/(l/4*(-12)/(-3)). Give s(m).
10
Let r(x) be the first derivative of x**3/3 - 2*x**2 + 5*x - 24. What is r(5)?
10
Let b(k) = 6*k - 8. Let i(l) = -6*l + 9. Let s(z) = 3*b(z) + 2*i(z). Give s(4).
18
Let g(l) = 9*l**3 + l**2 + l - 1. Let c(x) = -3*x - 62. Let n be c(-21). Calculate g(n).
10
Let p = 2023 - 1286. Let f be 3/33 + p/(-121). Let c(z) = z**3 + 7*z**2 + 8*z + 8. What is c(f)?
-4
Let p = -1471 + 1447. Let j(r) = r**3 + 25*r**2 + 25*r + 19. Calculate j(p).
-5
Let o(w) = -w**3 - 6*w**2 + 11*w + 31. Let z be o(-7). Let i(j) = -11*j + 3. What is i(z)?
-30
Let q(o) = o - 4. Let u = -20 + 21. Suppose 4*d - u + 25 = 0. What is q(d)?
-10
Suppose g + 2*g - 3 = 0. Let x(b) = b**3 + 3*b**2. Let z be x(-3). Let o(r) = z*r + 2*r + 0*r. Calculate o(g).
2
Let p(d) = 3*d**3 - 10*d**2 - 10*d - 5. Let u(y) = -y**3 + y**2 + y. Let b(o) = -p(o) - 4*u(o). Suppose -2*s + 2 - 12 = 0. Calculate b(s).
0
Let u(y) be the first derivative of -y**5/15 + y**4/24 - 20*y**3/3